remainder when g/(((-16)/(-18))/(-4)) is divided by 10?
8
Let l = -6 + 5. Let x be l*3/(-3)*2. Suppose 0 = -2*s + 10, x*q + 0*q - 53 = -5*s. Calculate the remainder when 27 is divided by q.
13
Let g(i) = 13*i**2 + 2*i + 1. Let l(s) = s**2 + s. Let r(a) = g(a) - 4*l(a). What is the remainder when r(1) is divided by 3?
2
Calculate the remainder when 1446/15 + (-2)/5 is divided by 25.
21
Suppose 4*z = 4*g + 40, g = 3*z + 19 - 55. Suppose -y + 3*y - 2 = 0. Suppose -2*k + y + 7 = 0. Calculate the remainder when z is divided by k.
1
Let t(g) = -g**3 - 7*g**2 + 7. Let y be (-333)/6*(-4)/(-6). Let i be 2/5 - y/(-5). What is the remainder when t(i) is divided by 3?
1
Let l = 5 + -1. Suppose l*s - 29 = -5*z, 5*s - 5*z = -11 - 9. Suppose 3*q + 4*u = 15, -4*q - q = -3*u + 4. What is the remainder when s is divided by q?
0
Let j(q) be the second derivative of q**3 - q**2/2 - 9*q. Suppose -h - 4*h + 5 = 0. Calculate the remainder when 9 is divided by j(h).
4
Suppose 2*v + 0*v - g - 1 = 0, -3*v + 3 = -g. Suppose -3*f = p - 44, 0*f + 18 = f + v*p. What is the remainder when 25 is divided by f?
11
Calculate the remainder when 42 is divided by -40*(-4 + (-18)/(-5)).
10
Suppose 0 = -2*o - 2*b + 20, 3*b = 4*o - 103 + 42. What is the remainder when o is divided by 9?
4
Suppose 7 - 43 = -4*f. Let y(t) = 3*t - 9. Calculate the remainder when y(8) is divided by f.
6
Suppose -g - 56 = -83. Calculate the remainder when 77 is divided by g.
23
Let x(d) = -2*d**3 - 4*d**2 + 6*d - 1. Calculate the remainder when x(-5) is divided by 41.
37
Let x(y) = -y**3 - 3*y**2 + 2*y - 4. Let f = 268 + -258. Calculate the remainder when f is divided by x(-4).
2
Suppose -y - l + 8 = 2, y = 2*l - 3. Suppose 4*p - 16 + 4 = -y*z, 2*z = p + 19. Calculate the remainder when 31 is divided by z.
7
Let v = 23 - -9. Calculate the remainder when 159 is divided by v.
31
Suppose 0 = 6*m - 5*m - 11. Let s(y) = y - 16. Let o be s(m). Let t(v) = -3*v - 4. Calculate the remainder when 19 is divided by t(o).
8
What is the remainder when 66 is divided by 103/3 + 44/66?
31
Let k = 27 - -22. What is the remainder when k is divided by 10?
9
Suppose -5*g + 5 = 0, g - 2 + 1 = 4*x. Let q(k) = x + 1 + k**3 - k**2 - 3*k - 2. Calculate the remainder when q(3) is divided by 5.
3
Let r be (1 - 2)/((-2)/4). Suppose -r*l + 12 = 2*z - 0*l, z + 5*l + 14 = 0. Let x(u) = 2*u**2 - u. What is the remainder when x(-3) is divided by z?
10
Suppose -4*k + k - 115 = -4*d, -4*k = -4*d + 120. Suppose -p = -d + 9. Calculate the remainder when 29 is divided by p.
13
Let f = 48 + -27. Suppose 0*i + f = i. What is the remainder when 62 is divided by i?
20
Suppose -23 = y - 2*y. Suppose 2*l + 38 = 5*q - 2*l, 2*q = -l + y. Calculate the remainder when 28 is divided by q.
8
Let j = -1 + 2. Calculate the remainder when (1 + 2)/(9/6) is divided by j.
0
Suppose -120 = -4*r - 5*u - 10, 0 = -4*r + u + 98. What is the remainder when 73 is divided by r?
23
Suppose -128 = -0*m - 4*m. Calculate the remainder when 56 is divided by m.
24
Suppose -55 = -27*b + 32*b. Let j = b - -22. Suppose 2*y + 3*h - 14 = 0, -4*h + 6 = -h. Calculate the remainder when j is divided by y.
3
Suppose 5*u + 4 = -1, 5*h = u + 31. Suppose 7 = -5*r + h*r. Let c(b) = 8*b**2 - 4*b + 3. Calculate the remainder when c(2) is divided by r.
6
Let v = -16 - -35. Let d = -93 - -130. Suppose 4*s - 3 - d = 0. Calculate the remainder when v is divided by s.
9
Let h(j) = -j**3 - 10*j**2 - 8*j + 18. Suppose 3*r + 0*r = 9. Calculate the remainder when h(-9) is divided by r.
0
Suppose -2*s + 2 + 6 = 4*c, c - 1 = 0. Let y(r) = 9*r + 1. Let g be y(1). Let j = g - s. Calculate the remainder when j is divided by 5.
3
Let n be -2 + 1 + 0 + -1. What is the remainder when 24*5/2 + n is divided by 20?
18
Let j = -16 - -7. What is the remainder when 2*-46*1/(-4) is divided by (-16)/(-3)*j/(-4)?
11
Let m = 88 - 51. Calculate the remainder when m is divided by 13.
11
Let m(b) = -b + 5. Calculate the remainder when (6 + -5)*(7 + 0) is divided by m(0).
2
Calculate the remainder when 33 is divided by (-6)/7*-3*(-112)/(-24).
9
Suppose -2*m = -2*x + x - 11, 4*m - 5*x - 13 = 0. Suppose -2*g = f - 38, 5*f + 7 = -3. Let h = g - m. Calculate the remainder when 37 is divided by h.
11
Calculate the remainder when ((-122)/(-6))/((-2)/(-6)) is divided by -32*1*3/(-6).
13
Suppose -7*a - 78 = -4*a. Let w = -59 - -83. Calculate the remainder when w is divided by (a/(-8))/(2/8).
11
Suppose -9*z + 7*z + 124 = 0. What is the remainder when z is divided by 16?
14
Suppose 0 = -j + 8 + 4. Suppose -2*f + 0*f = -j. Calculate the remainder when 21 is divided by f.
3
Let c(a) = a**3 + 4*a**2 - 8*a - 3. Suppose g - 5*g = 20. Calculate the remainder when 47 is divided by c(g).
11
Let b(d) = -6*d + 14. Calculate the remainder when b(-9) is divided by 18.
14
Suppose 4*z + z - 70 = 0. Let p = -9 + 12. Suppose 4*a = 2*m - 10 - 20, 4*a + 35 = p*m. Calculate the remainder when z is divided by m.
4
Suppose -4 + 0 = r. What is the remainder when r/(-26) - (-5385)/65 is divided by 21?
20
Suppose -2*q + 5*q = 63. What is the remainder when 81 is divided by q?
18
Suppose 6 = -s - 8. Let k = 25 + s. What is the remainder when 20 is divided by k?
9
Let i(h) = -3*h + 0 + 0. Let x(s) = -2*s + 17. Let c be x(10). Calculate the remainder when i(c) is divided by 5.
4
Let s(l) = -2*l**3 - 23*l**2 + 7*l - 1. What is the remainder when s(-12) is divided by 9?
5
Let r be 4/22 + (-155)/(-55). Let w(m) = m**3 - 8*m**2 + 9*m - 10. What is the remainder when 3/r*0 + 7 is divided by w(7)?
3
Let f be (48/40)/(4/30). What is the remainder when 74 is divided by ((-114)/f)/(2/(-3))?
17
What is the remainder when (-62)/(-6) - (-48)/(-36) is divided by 4?
1
Let t(p) = 28*p - 15. Let z be t(10). Suppose 70 = -5*j + z. Calculate the remainder when j is divided by 14.
11
Let l(d) = -d**2 + 10*d + 1. Calculate the remainder when 76 is divided by l(5).
24
Let c(h) = h**3 - 5*h**2 - 6*h + 3. Suppose 0 = -5*g - 5*w + 35, g - 5*w + 0*w = 1. Let s(u) = 5*u - 2. Calculate the remainder when s(2) is divided by c(g).
2
Suppose 117 = 5*a + 4*i, -2*a - 2*a - 5*i + 99 = 0. Let h(n) = 11*n + 1. Calculate the remainder when a is divided by h(1).
9
Let u = -10 - -39. Calculate the remainder when 112 is divided by u.
25
Suppose 3*u = 6 - 3. What is the remainder when u is divided by 1 + (-12)/3 - -4?
0
Suppose 3*q = 4*w - 3, 0*w = w - 4*q + 9. What is the remainder when 8 is divided by w?
2
Suppose -4*w = -2*m - 46, -6*w = -3*w - 5*m - 31. Calculate the remainder when 37 is divided by w.
1
Suppose 2*n - 7*n = -25. Suppose -37 = -n*y + 173. Calculate the remainder when y is divided by 11.
9
Suppose 0 = 3*h - 2 - 7. Suppose h*z - 3*d - 78 = 0, 2*d - 8 = -2*d. Suppose -2*l + 13 = -17. What is the remainder when z is divided by l?
13
Let q(d) = d**2 + 5*d - 10. Suppose -4*j + 22 = 54. What is the remainder when q(j) is divided by 5?
4
Let p(i) = 2*i**2 - 16*i + 7. Calculate the remainder when 32 is divided by p(8).
4
Let o = 15 - 11. Suppose -o*y - 136 = -8*y. What is the remainder when y is divided by 12?
10
Suppose -45 = -t - 0*t. Let u be 10/t - 2/9. Suppose 3*j - 23 - 4 = u. What is the remainder when 25 is divided by j?
7
Let y be (26/(-3))/(16/(-24)). Suppose -y = -k - 4. Calculate the remainder when 16 is divided by k.
7
Let v = 3 + -5. Let h be v - ((0 - 2) + 24). Let c = 44 + h. Calculate the remainder when c is divided by 7.
6
Let j be (-1)/(-1)*1 - -2. Suppose -l + 4*o + 47 = j*o, 179 = 4*l + 5*o. Calculate the remainder when l is divided by 24.
22
Let y(p) = p**3 + 7*p**2 + 9*p + 11. Calculate the remainder when 3*1 - -1*42 is divided by y(-5).
13
Let j(q) = -q**2 - 15*q - 41. Let p = -34 + 85. What is the remainder when p is divided by j(-6)?
12
Let g = -19 - -15. What is the remainder when (-79 + -3)*g/8 is divided by 14?
13
Suppose 4*q - 3*f - 97 - 265 = 0, -4*q = f - 354. Calculate the remainder when q is divided by 30.
29
Let q(o) = o + 4. Let u be q(9). Suppose 18*v = u*v + 100. What is the remainder when v is divided by (2 + 8)/2 - -2?
6
Suppose -9*i + 12*i = 24. Suppose 0 = 5*b + 5*l + 155, 5*l = -2*b - 47 - 24. Let r = -6 - b. What is the remainder when r is divided by i?
6
Let v(u) = -u**3 - 8*u**2 + u + 10. Let z be v(-8). Suppose -2*j - z*j + 148 = 4*p